1 is divided by 125.
26
What is the remainder when 465384 is divided by 763?
717
What is the remainder when 1044057 is divided by 522028?
1
Calculate the remainder when 4071637 is divided by 2035807.
23
Calculate the remainder when 72210 is divided by 16779.
5094
What is the remainder when 635590 is divided by 127078?
200
What is the remainder when 34891 is divided by 209?
197
What is the remainder when 3077283 is divided by 235?
193
Calculate the remainder when 19718065 is divided by 9858984.
97
What is the remainder when 4220260 is divided by 108211?
31
What is the remainder when 25877 is divided by 8483?
428
What is the remainder when 159369385 is divided by 53123122?
19
Calculate the remainder when 337045 is divided by 136.
37
What is the remainder when 703962 is divided by 3706?
3528
Calculate the remainder when 84151931 is divided by 35.
31
Calculate the remainder when 3990455 is divided by 328.
7
Calculate the remainder when 2359205 is divided by 589800.
5
Calculate the remainder when 445963 is divided by 1971.
517
Calculate the remainder when 7123009 is divided by 2247.
19
Calculate the remainder when 8483252 is divided by 935.
932
What is the remainder when 1632141 is divided by 6529?
6420
Calculate the remainder when 4484262 is divided by 7718.
104
What is the remainder when 223521499 is divided by 10?
9
Calculate the remainder when 65360 is divided by 1448.
200
What is the remainder when 145650 is divided by 3641?
10
Calculate the remainder when 13477561 is divided by 7795.
6
Calculate the remainder when 25419 is divided by 8452.
63
Calculate the remainder when 381097499 is divided by 70.
69
What is the remainder when 30459221 is divided by 1343?
1324
What is the remainder when 78564 is divided by 39264?
36
Calculate the remainder when 17381 is divided by 8412.
557
What is the remainder when 10731663 is divided by 1041?
1035
What is the remainder when 1885966 is divided by 49625?
216
Calculate the remainder when 822814 is divided by 17887.
12
Calculate the remainder when 3215034 is divided by 189115.
79
What is the remainder when 5777904 is divided by 288895?
4
Calculate the remainder when 3615910 is divided by 5563.
5523
Calculate the remainder when 7206214 is divided by 7206159.
55
Calculate the remainder when 37107932 is divided by 232.
228
Calculate the remainder when 17249116 is divided by 2067.
1
What is the remainder when 258432 is divided by 2051?
6
Calculate the remainder when 8640167 is divided by 164.
155
Calculate the remainder when 1605051 is divided by 160499.
61
What is the remainder when 4158127 is divided by 957?
919
Calculate the remainder when 867101 is divided by 61927.
123
Calculate the remainder when 14621052 is divided by 248.
212
Calculate the remainder when 152738 is divided by 3308.
570
What is the remainder when 120004 is divided by 637?
248
What is the remainder when 9019 is divided by 1106?
171
Calculate the remainder when 551622 is divided by 157.
81
What is the remainder when 759747509 is divided by 30?
29
What is the remainder when 30405164 is divided by 126?
104
What is the remainder when 326719 is divided by 389?
348
Calculate the remainder when 27185 is divided by 1075.
310
Calculate the remainder when 29772097 is divided by 170.
167
What is the remainder when 887653 is divided by 49313?
19
Calculate the remainder when 40660 is divided by 6948.
5920
What is the remainder when 1539475299 is divided by 769737647?
5
What is the remainder when 12303202 is divided by 42?
16
Calculate the remainder when 574098 is divided by 191360.
18
Calculate the remainder when 132421 is divided by 974.
931
Calculate the remainder when 25941577 is divided by 2693.
2601
Calculate the remainder when 6439995 is divided by 36.
27
Calculate the remainder when 3980258 is divided by 1603.
9
What is the remainder when 5705895 is divided by 6096?
39
Calculate the remainder when 18771 is divided by 12287.
6484
Calculate the remainder when 101444 is divided by 20159.
649
What is the remainder when 115844 is divided by 6971?
4308
What is the remainder when 46127 is divided by 2384?
831
Calculate the remainder when 39769 is divided by 16801.
6167
What is the remainder when 162006 is divided by 9453?
1305
Calculate the remainder when 4421215 is divided by 20.
15
What is the remainder when 6446599 is divided by 16?
7
What is the remainder when 44072 is divided by 44050?
22
What is the remainder when 4039335 is divided by 17?
16
What is the remainder when 42461 is divided by 12861?
3878
Calculate the remainder when 8939109 is divided by 638506.
25
Calculate the remainder when 1033096 is divided by 79.
13
Calculate the remainder when 3176339 is divided by 1588144.
51
What is the remainder when 147388 is divided by 36846?
4
Calculate the remainder when 96823 is divided by 47817.
1189
What is the remainder when 82737733 is divided by 2372?
1
What is the remainder when 21173964 is divided by 239?
237
Calculate the remainder when 4716659 is divided by 1303.
1102
What is the remainder when 114636 is divided by 28629?
120
What is the remainder when 50436879 is divided by 446344?
7
Calculate the remainder when 70002839 is divided by 23334269.
32
What is the remainder when 48076555 is divided by 280?
275
Calculate the remainder when 5119648 is divided by 25.
23
What is the remainder when 148093 is divided by 3992?
389
What is the remainder when 87612 is divided by 778?
476
Calculate the remainder when 26283520 is divided by 101874.
28
What is the remainder when 38586880 is divided by 2143715?
10
What is the remainder when 27860004 is divided by 27860?
4
Calculate the remainder when 1333375 is divided by 44.
43
What is the remainder when 10564958 is divided by 165?
8
Calculate the remainder when 79551607 is divided by 28.
23
What is the remainder when 354959 is divided by 59159?
5
Calculate the remainder when 2378671 is divided by 2541.
295
Calculate the remainder when 818636205 is divided by 272878733.
6
What is the remainder when 163959624 is divided by 3365?
3364
What is the remainder when 85686 is divided by 1089?
744
What is the remainder when 53394250 is divided by 410?
360
Calculate the remainder when 884351 is divided by 496.
479
What is the remainder when 138284195 is divided by 87?
44
What is the remainder when 611029 is divided by 610979?
50
Calculate the remainder when 4929521 is divided by 84.
65
What is the remainder when 4787898 is divided by 3?
0
What is the remainder when 86544 is divided by 2889?
2763
Calculate the remainder when 14037648 is divided by 31334.
16
Calculate the remainder when 5400948 is divided by 590.
88
What is the remainder when 473168 is divided by 1068?
44
Calculate the remainder when 177910 is divided by 23.
5
Calculate the remainder when 79399 is divided by 19799.
203
Calculate the remainder when 116979 is divided by 16463.
1738
Calculate the remainder when 25851399 is divided by 207.
204
Calculate the remainder when 100793780 is divided by 741.
737
What is the remainder when 34122129 is divided by 17061058?
13
Calculate the remainder when 66914 is divided by 197.
131
Calculate the remainder when 68510879 is divided by 8.
7
Calculate the remainder when 789900 is divided by 14614.
744
What is the remainder when 12764347 is divided by 49?
43
Calculate the remainder when 71381 is divided by 23351.
1328
What is the remainder when 347432 is divided by 1198?
12
What is the remainder when 3164423 is divided by 651?
563
Calculate the remainder when 268059 is divided by 892.
459
What is the remainder when 53858 is divided by 2410?
838
Calculate the remainder when 621046 is divided by 1344.
118
Calculate the remainder when 6475389 is divided by 876.
873
What is the remainder when 146748 is divided by 5447?
5126
What is the remainder when 369678 is divided by 369586?
92
What is the remainder when 654445 is divided by 968?
77
Calculate the remainder when 270545 is divided by 4355.
535
What is the remainder when 616805 is divided by 2694?
2573
Calculate the remainder when 10086136 is divided by 98.
74
What is the remainder when 4450359 is divided by 778?
199
Calculate the remainder when 1051138 is divided by 13.
10
What is the remainder when 86831 is divided by 136?
63
Calculate the remainder when 1333007 is divi